2.
38
Convert 3a (base 12) to base 4.
232
112 (base 4) to base 5
42
Convert -21 (base 6) to base 3.
-111
20 (base 3) to base 15
6
Convert 3 (base 15) to base 4.
3
-9 (base 15) to base 4
-21
-2 (base 14) to base 6
-2
Convert 400 (base 6) to base 15.
99
What is 10 (base 4) in base 2?
100
Convert -6 (base 16) to base 11.
-6
Convert -1 (base 9) to base 4.
-1
What is 122 (base 8) in base 12?
6a
Convert -11100 (base 2) to base 13.
-22
13 (base 6) to base 14
9
What is 108 (base 10) in base 15?
73
-111 (base 5) to base 7
-43
Convert 3 (base 15) to base 16.
3
-84 (base 14) to base 3
-11022
What is -22 (base 4) in base 3?
-101
What is 20 (base 8) in base 7?
22
What is 102020 (base 3) in base 14?
179
Convert -3 (base 8) to base 6.
-3
1 (base 2) to base 13
1
30 (base 10) to base 7
42
8 (base 10) to base 14
8
Convert 632 (base 7) to base 15.
162
3 (base 8) to base 7
3
Convert -12 (base 3) to base 12.
-5
What is -1 (base 8) in base 2?
-1
What is 73 (base 8) in base 13?
47
What is 17 (base 10) in base 6?
25
0 (base 15) to base 12
0
Convert -1122 (base 4) to base 15.
-60
What is 11 (base 5) in base 12?
6
Convert 0 (base 4) to base 16.
0
17 (base 16) to base 7
32
Convert a2 (base 11) to base 16.
70
-10 (base 4) to base 11
-4
Convert 120 (base 4) to base 8.
30
44 (base 8) to base 10
36
-22 (base 6) to base 13
-11
0 (base 5) to base 10
0
Convert 8 (base 15) to base 9.
8
Convert -1 (base 4) to base 9.
-1
-36 (base 8) to base 13
-24
-27 (base 8) to base 3
-212
10 (base 14) to base 8
16
What is 53 (base 8) in base 10?
43
Convert 2 (base 12) to base 13.
2
Convert -6 (base 8) to base 13.
-6
-12 (base 10) to base 11
-11
3 (base 10) to base 16
3
Convert 134 (base 9) to base 8.
160
Convert -2c (base 15) to base 11.
-39
-3 (base 7) to base 6
-3
What is b (base 16) in base 14?
b
What is -11 (base 7) in base 15?
-8
3 (base 8) to base 2
11
Convert 2 (base 3) to base 13.
2
What is 14 (base 15) in base 13?
16
Convert 1c (base 14) to base 9.
28
Convert -17 (base 11) to base 2.
-10010
Convert -14 (base 7) to base 16.
-b
3 (base 14) to base 13
3
112 (base 5) to base 15
22
Convert -7 (base 16) to base 13.
-7
3 (base 16) to base 4
3
1120 (base 3) to base 12
36
Convert 22 (base 3) to base 12.
8
Convert -126 (base 8) to base 6.
-222
What is -1 (base 14) in base 3?
-1
What is 4 (base 11) in base 3?
11
-155 (base 15) to base 4
-10301
5 (base 11) to base 4
11
Convert 146 (base 11) to base 8.
253
Convert 2 (base 7) to base 10.
2
13 (base 5) to base 14
8
What is -3 (base 10) in base 11?
-3
222 (base 6) to base 15
5b
-10110 (base 2) to base 3
-211
Convert 40 (base 12) to base 14.
36
What is -10 (base 3) in base 6?
-3
What is 12 (base 5) in base 7?
10
What is -102 (base 3) in base 13?
-b
Convert 136 (base 9) to base 7.
222
0 (base 15) to base 13
0
What is -1043 (base 5) in base 13?
-b5
What is 2 (base 8) in base 6?
2
What is 2 (base 8) in base 14?
2
What is 273 (base 8) in base 15?
c7
What is a2 (base 15) in base 13?
b9
Convert -1111101 (base 2) to base 10.
-125
Convert -106 (base 7) to base 11.
-50
Convert 3 (base 12) to base 5.
3
0 (base 9) to base 8
0
2 (base 8) to base 15
2
-2112 (base 3) to base 16
-44
What is -54 (base 14) in base 8?
-112
What is 4 (base 5) in base 15?
4
Convert -3 (base 14) to base 11.
-3
Convert 5 (base 9) to base 16.
5
Convert -1 (base 7) to base 12.
-1
-8f (base 16) to base 15
-98
-2a (base 14) to base 6
-102
2 (base 12) to base 2
10
Convert 1011 (base 2) to base 9.
12
Convert 4 (base 8) to base 9.
4
What is 16 (base 11) in base 2?
10001
Convert -22 (base 7) to base 16.
-10
What is 72 (base 10) in base 9?
80
What is -12 (base 13) in base 16?
-f
Convert -4 (base 15) to base 14.
-4
What is -1152 (base 6) in base 7?
-554
What is -333 (base 5) in base 9?
-113
What is 20 (base 4) in base 13?
8
29 (base 14) to base 16
25
Convert -2 (base 11) to base 12.
-2
What is 10 (base 5) in base 10?
5
What is -1 (base 10) in base 14?
-1
Convert -54 (base 15) to base 12.
-67
What is -48 (base 11) in base 16?
-34
What is -110 (base 7) in base 2?
-111000
What is -e2 (base 16) in base 10?
-226
Convert 10 (base 6) to base 11.
6
What is 1001 (base 4) in base 13?
50
-11 (base 15) to base 13
-13
1 (base 10) to base 7
1
Convert -1e (base 15) to base 13.
-23
Convert 3 (base 16) to base 6.
3
What is -2 (base 11) in base 15?
-2
Convert 1 (base 3) to base 6.
1
Convert 32 (base 11) to base 7.
50
Convert -43 (base 11) to base 8.
-57
0 (base 8) to base 14
0
What is 56 (base 9) in base 12?
43
a (base 16) to base 12
a
Convert 67 (base 12) to base 3.
2221
What is 31 (base 5) in base 15?
11
366 (base 8) to base 5
1441
What is 218 (base 12) in base 3?
102102
What is 1 (base 15) in base 12?
1
What is a (base 11) in base 3?
101
-102012 (base 3) to base 4
-10232
Convert 1 (base 6) to base 15.
1
-30 (base 14) to base 8
-52
What is 5 (base 13) in base 15?
5
-22 (base 3) to base 13
-8
Convert 11 (base 4) to base 5.
10
What is -70 (base 10) in base 2?
-1000110
Convert 2 (base 16) to base 4.
2
What is 2 (base 13) in base 4?
2
What is -81 (base 12) in base 16?
-61
What is 2 (base 4) in base 12?
2
-4 (base 5) to base 13
-4
-b (base 12) to base 5
-21
-16 (base 8) to base 10
-14
Convert -600 (base 7) to base 8.
-446
3 (base 12) to base 6
3
Convert -54 (base 9) to base 14.
-37
Convert 10111 (base 2) to base 4.
113
322 (base 5) to base 4
1113
Convert -4 (base 5) to base 3.
-11
What is 3 (base 7) in base 2?
11
-3 (base 7) to base 13
-3
Convert 47 (base 12) to base 13.
43
Convert 3 (base 5) to base 12.
3
What is 7 (base 8) in base 16?
7
Convert -73 (base 14) to base 11.
-92
Convert -182 (base 12) to base 4.
-3302
1 (base 15) to base 8
1
-2 (base 12) to base 10
-2
What is -10 (base 2) in base 10?
-2
What is 1a (base 16) in base 3?
222
Convert -5 (base 13) to base 8.
-5
Convert 17 (base 16) to base 5.
43
Convert -a (base 14) to base 12.
-a
158 (base 10) to base 4
2132
What is -17 (base 12) in base 7?
-25
111 (base 3) to base 14
d
102 (base 6) to base 4
212
-1 (base 16) to base 8
-1
What is -3 (base 15) in base 2?
-11
27 (base 9) to base 2
11001
3b (base 13) to base 15
35
What is -24 (base 14) in base 4?
-200
What is -2 (base 10) in base 11?
-2
What is -11 (base 15) in base 10?
-16
Convert -12 (base 3) to base 15.
-5
Convert 6 (base 10) to base 13.
6
What is 1 (base 4) in base 2?
1
35 (base 13) to base 6
112
What is 5 (base 9) in base 4?
11
Convert -1002 (base 4) to base 7.
-123
What is -3 (base 9) in base 7?
-3
-2 (base 4) to base 8
-2
116 (base 8) to base 12
66
What is -101 (base 3) in base 7?
-13
What is 2 (base 12) in base 13?
2
-1 (base 13) to base 7
-1
What is 10 (base 5) in base 15?
5
21 (base 3) to base 16
7
What is -121 (base 3) in base 13?
-13
What is 8 (base 14) in base 6?
12
Convert -77 (base 12) to base 5.
-331
What is 2 (base 5) in base 11?
2
What is 0 (base 3) in base 16?
0
What is -20 (base 6) in base 5?
-22
What is 81 (base 11) in base 4?
1121
What is -23 (base 13) in base 5?
-104
-1 (base 11) to base 7
-1
Convert 9 (base 15) to base 5.
14
0 (base 5) to base 16
0
Convert 21 (base 3) to base 12.
7
What is -9 (base 14) in base 9?
-10
What is -50 (base 16) in base 7?
-143
21 (base 5) to base 10
11
Convert -22 (base 4) to base 2.
-1010
-4 (base 16) to base 11
-4
1 (base 2) to base 11
1
What is 13 (base 8) in base 3?
102
111 (base 8) to base 11
67
Convert -2 (base 14) to base 15.
-2
What is -5 (base 8) in base 13?
-5
-21 (base 5) to base 12
-b
Convert 143 (base 6) to base 12.
53
What is -1 (base 9) in base 16?
-1
42 (base 10) to base 16
2a
17 (base 12) to base 8
23
49 (base 10) to base 11
45
-302 (base 5) to base 8
-115
What is 88 (base 12) in base 15?
6e
3 (base 16) to base 11
3
What is -3 (base 7) in base 5?
-3
Convert -2 (base 4) to base 10.
-2
Convert e (base 16) to base 15.
e
What is 13 (base 7) in base 16?
a
Convert -3 (base 11) to base 6.
-3
Convert 1212 (base 3) to base 9.
55
1 (base 10) to base 16
1
What is -1 (base 6) in base 2?
-1
What is 7 (base 14) in base 4?
13
What is 12 (base 4) in base 11?
6
216 (base 9) to base 4
2301
12203 (base 4) to base 12
2ab
2 (base 13) to base 12
2
Convert 141 (base 7) to base 9.
86
Convert 135 (base 8) to base 7.
162
-1001011 (base 2) to base 15
-50
-1 (base 11) to base 5
-1
Convert -13 (base 11) to base 5.
-24
What is 4 (base 10) in base 6?
4
Convert -1022 (ba